0*r + 4. Let n(u) = -u**2 - u. Let s(l) = -2*n(l) + z(l). Let x be s(8). What is the greatest common divisor of g and x?
4
Let i be -1*(2 + 3) + -2. Let h(v) = -4*v + 8. Let y be h(i). Calculate the highest common divisor of 12 and y.
12
Suppose 0 = -71*p + 70*p + 10. Calculate the highest common divisor of 40 and p.
10
Suppose -93 - 323 = -8*s. Calculate the highest common factor of s and 13.
13
Suppose 1 - 5 = -4*i, 0 = -4*t + i + 71. Suppose 5*w = -5*r + 370, -r = 3*w - 57 - 21. What is the greatest common divisor of t and r?
18
Suppose 2*r - 126 = 3*r. Let z be ((-18)/(-7))/((-9)/r). What is the greatest common divisor of 24 and z?
12
Let p(j) = -j**2 + 3. Let s be p(0). Calculate the greatest common factor of 9 and s.
3
Suppose 4*j = 2*z - 0*j - 36, -5*z - 4*j = -104. Calculate the greatest common divisor of 4 and z.
4
Suppose 3*w + 140 = -w. Let g = 53 + w. What is the greatest common divisor of 45 and g?
9
Let p = 11 + -5. Suppose -3*h + 51 - p = 0. Calculate the highest common divisor of h and 15.
15
Suppose v = 10 - 3. Calculate the greatest common divisor of 7 and v.
7
Suppose 2*l + 6 = -l. Let t be ((-9)/l)/((-3)/(-4)). Let r be (0/2)/(-1) - -4. Calculate the greatest common divisor of t and r.
2
Let v be (16/6 - 2)*27/2. Calculate the greatest common factor of 117 and v.
9
Let x be (-272)/(-3) + (-18)/27. Suppose 0 = -5*t + 2*t + x. What is the highest common factor of t and 20?
10
Suppose -4 = -m + c + 4, 0 = -3*m + 4*c + 20. Calculate the greatest common factor of 12 and m.
12
Let k(o) = o**2 - 9*o + 5. Let l be k(7). Let a be 4/(-14) - l/7. Let q = 2 - 0. Calculate the highest common divisor of q and a.
1
Suppose -u + 0*u + 3 = 0. Suppose u*i = -4*a + 415, -4*i = -5*a + 4*a + 118. Let d = -70 + a. Calculate the highest common factor of d and 18.
18
Suppose 3 = g + 1. Suppose 0 = g*v + 2*v - 84. What is the highest common factor of 3 and v?
3
Let j be 1*3/(1 + 2)*234. What is the highest common factor of 26 and j?
26
Suppose -112 = -0*c - 4*c. What is the highest common factor of 7 and c?
7
Suppose -8*r + 7*r = -3. Suppose 6*v - 69 = -r. What is the highest common factor of v and 11?
11
Let q = 3 - 5. Let p = q + 6. Let d(s) = -2*s - 8. Let v be d(-10). What is the greatest common factor of p and v?
4
Suppose 2*l + 0*r - 2 = 2*r, r + 1 = 5*l. Let x(t) = -t + 18. Let b be x(l). Calculate the greatest common divisor of b and 144.
18
Suppose -d - 33 = -4*d. Let r be (-3)/2 + d/2. Suppose -5*o + 108 = 3*h, 0 = 2*h - 0*o + r*o - 72. What is the greatest common factor of h and 24?
12
Let j(z) = 2*z - z + 5 - 1. Let w = 8 + -10. Let m be j(w). What is the highest common divisor of m and 2?
2
Suppose -4*o + 0*o + 288 = 2*p, 0 = -3*o + p + 206. What is the greatest common factor of o and 14?
14
Let i(z) = -9*z - 49. Let a be i(-7). What is the greatest common divisor of a and 28?
14
Let w(t) = 6*t - 2 + t**2 + 2 + 3. Let m be w(-6). Suppose 0 = -m*z + z + 96. What is the greatest common factor of 32 and z?
16
Suppose 0*k - 3*k + 15 = 0. Let t = -3 - -3. Suppose -5*f + f + 20 = t. Calculate the highest common divisor of f and k.
5
Let q(i) = 2*i**2 - 3*i - 2. Let f be q(-2). Let t = -7 + f. Suppose 6*n - 40 = 2*n. What is the highest common factor of n and t?
5
Let b be (3/(-6))/(1/(-4)). Suppose -20 = -2*f + x, -b*f + 5*x = 5 - 17. Calculate the greatest common factor of 11 and f.
11
Suppose 24 + 27 = 3*f. Calculate the greatest common factor of 17 and f.
17
Let u(b) = 261*b - 1. Let z be u(4). Let c be (-8)/(-6) + z/21. Calculate the highest common factor of 17 and c.
17
Let l = -8 - -9. Let s be 15/3*5*l. Calculate the highest common factor of 5 and s.
5
Suppose 0 = 5*u - a - 109, u + 4*a = 5*u - 100. Suppose -v + 2 = -4*h - 4, -h + u = 2*v. What is the highest common divisor of 10 and v?
10
Let u = -87 + 175. Let s be (51/9 + -2)*3. Calculate the greatest common divisor of u and s.
11
Let w = -2 - -7. Suppose 0 = -21*r + 26*r - 100. What is the highest common factor of r and w?
5
Let g = -5 + 6. Let k be 1 - g - (-200)/4. Let r be 123 + (-2)/(-1)*1. Calculate the greatest common divisor of r and k.
25
Let y(k) = -k + 9. Let p be y(7). Suppose p*j + 4*b = 76, -b - 43 = -j + 2*b. What is the greatest common factor of 10 and j?
10
Let q(b) = 7*b**2 - 4. Let g be q(-2). Let p be (-119)/(-35) + (-2)/5. Calculate the highest common factor of p and g.
3
Suppose -2*b = -7*b. Let n be 10/2 + (b - -1). Suppose -s + n*s - 4*w - 128 = 0, 4*w = 3*s - 72. What is the highest common divisor of s and 70?
14
Let d be 378/8 + 9/12. Suppose d = 4*f - 12. Calculate the greatest common factor of f and 105.
15
Suppose -4*p = -d - 7 - 5, 26 = -3*d + 2*p. Let l be (2/(-4))/(4/d). What is the greatest common divisor of l and 7?
1
Let m(a) = a**3 - a**2 - 6*a + 10. Let c be m(4). What is the highest common factor of 17 and c?
17
Let s(c) = -c**2 - 4*c - 5. Let o(b) = -3*b**2 - 13*b - 14. Let r(p) = -3*o(p) + 8*s(p). Let w be r(-10). What is the greatest common divisor of w and 8?
8
Suppose 5*s - 5*c = -8 - 2, 4*c = -s + 3. Let f = -2 - -1. Let g be s - (-61)/(2 + f). Calculate the highest common divisor of g and 24.
12
Let r = 2 + -1. Let u be -2*r*(2 + -68). Let k = 202 - u. What is the greatest common divisor of 14 and k?
14
Let j be 79 - (-1 + (8 - 4)). What is the highest common factor of j and 38?
38
Let h = 16 - -70. What is the greatest common factor of 215 and h?
43
Suppose -5*k + 4*r + 55 = 0, k + k - r = 19. Let g = k + -6. What is the greatest common factor of 9 and g?
1
Let v(p) = 4*p**2 - 2*p + 2. Let n be v(1). What is the greatest common divisor of 8 and n?
4
Let n(r) be the first derivative of 65*r**3/3 + r**2 + r - 1. Let f be n(-1). Calculate the greatest common factor of f and 8.
8
Let j be (-2 + -2 + -1)*2. Let k be (-1)/5 - 2/j. Suppose k = -u - 3*u + 108. What is the greatest common factor of 18 and u?
9
Suppose 2*p + 44 = 3*w + w, 0 = 2*w + 2*p - 34. What is the highest common factor of w and 13?
13
Suppose 0*i + 2*i = -3*x + 98, 4*x - 3*i = 125. What is the greatest common factor of x and 64?
32
Let x be (98/(-21))/(2/(-27)). What is the greatest common factor of 14 and x?
7
Let f be 4 - (2 + -3 + 3). What is the highest common divisor of 18 and f?
2
Suppose -3*x + 4*j = -5 - 9, x + 4*j = 10. What is the highest common divisor of x and 24?
6
Let o be (-2)/2 + 14 - -2. What is the highest common factor of o and 5?
5
Let v = -84 + 138. What is the highest common factor of 12 and v?
6
Let f = 4 - 1. Suppose 0 = 3*b - 0 + 18. Let v(x) = -x. Let u be v(b). What is the greatest common factor of f and u?
3
Let u be (-4)/14 + (-5388)/(-42). Let w = 56 - 40. What is the greatest common factor of u and w?
16
Let c be 25*(-1)/5*-2. Let g(i) = 3*i - 1. Let s = -2 - -4. Let h be g(s). Calculate the highest common divisor of h and c.
5
Let w = -45 - -89. Let u be 33*7/(42/w). What is the greatest common divisor of u and 22?
22
Suppose 0 = 3*q - 190 - 206. What is the highest common factor of 12 and q?
12
Suppose 3*t - 3*r = t + 159, -324 = -4*t + 4*r. Calculate the highest common divisor of t and 14.
14
Let w(i) = -i**3 + 9*i**2 + 6*i + 12. Let q be w(10). Let s be (0 - 4)/(8/q). Calculate the greatest common divisor of 14 and s.
14
Suppose 4*l = -5*o + l + 110, -5*o = -2*l - 85. What is the highest common divisor of 209 and o?
19
Let s(h) = -35*h. Let a be s(-5). Calculate the highest common divisor of 25 and a.
25
Let g = -6 + 3. Let y be 95 - (6/g - -2). What is the highest common factor of 19 and y?
19
Let v = 5 - 3. Let h be 145/7 - v/(-7). Let n be 2/5 + 33/5. Calculate the greatest common divisor of n and h.
7
Suppose -4*p + c + c + 30 = 0, 0 = 4*c - 12. Suppose 0 = y - p + 4. Calculate the highest common factor of 20 and y.
5
Let f be (-2 - 1) + 3 + 3. What is the highest common factor of f and 12?
3
Suppose -5*n - 88 = -3*v, -5*n = -3*v + 4*v - 16. Calculate the highest common factor of 2 and v.
2
Let m be 105/25*-15*(-6)/9. Calculate the highest common divisor of 294 and m.
42
Let g(n) = 136*n**2 + 4*n - 5. Let j be g(1). Let v = -77 + 131. Calculate the greatest common factor of v and j.
27
Let u(b) = b**3 + 12*b**2 + 21*b + 12. Let k be u(-10). What is the highest common factor of 6 and k?
2
Let n(s) = s + 10. Let i be n(-7). Let p(r)